{"id":3,"date":"2018-09-15T14:06:37","date_gmt":"2018-09-15T14:06:37","guid":{"rendered":"http:\/\/www.workat380.pt\/workat380\/?page_id=3"},"modified":"2018-09-22T09:21:56","modified_gmt":"2018-09-22T09:21:56","slug":"politica-privacidade","status":"publish","type":"page","link":"https:\/\/www.workat380.pt\/workat380\/politica-privacidade\/","title":{"rendered":"Pol\u00edtica de privacidade"},"content":{"rendered":"<p><strong>Sum\u00e1rio<\/strong><\/p>\n<p><strong>\u00a0<\/strong><\/p>\n<p>Este documento t\u00eam como objectivo explicar que informa\u00e7\u00e3o \u00e9 recolhida por Pedro Miguel Caro\u00e7o, Lda. quando usa o site. Explica tamb\u00e9m o porque s\u00e3o recolhidas essas informa\u00e7\u00f5es, onde s\u00e3o guardadas e como as protegemos; Assim como os seus direitos em rela\u00e7\u00e3o aos seus dados.<\/p>\n<p><strong>\u00a0<\/strong><\/p>\n<p><strong>\u00a0<\/strong><\/p>\n<ol>\n<li><strong>Quem somos<\/strong><\/li>\n<\/ol>\n<p style=\"text-align: left;\">Pedro Miguel Caro\u00e7o, Lda., uma empresa constitu\u00edda em Portugal, que \u00e9 controlador de dados ao abrigo da legisla\u00e7\u00e3o de prote\u00e7\u00e3o de dados da Uni\u00e3o Europeia.<\/p>\n<p style=\"text-align: left;\">Para qualquer quest\u00e3o relacionada com os seus dados pessoais pode-nos contactar via e-mail em <a href=\"mailto:pcaroco@gmail.com\">pcaroco@gmail.com<\/a> ou por correio: Rua Odette de Saint-Maurice n\u00b0 380, Lote 3C, loja 4 1700-921 Lisboa<\/p>\n<p>&nbsp;<\/p>\n<ol start=\"2\">\n<li><strong>A politica de privacidade<\/strong><\/li>\n<\/ol>\n<p>&nbsp;<\/p>\n<ul>\n<li>Esta pol\u00edtica de privacidade aplica-se ao nosso site, ao nosso formul\u00e1rio de contacto para presta\u00e7\u00e3o de apoio ao cliente e a qualquer outro servi\u00e7o que fornecemos on-line.<\/li>\n<li>Esta pol\u00edtica de privacidade rege os dados pessoais e dados n\u00e3o pessoais que recolhemos durante o uso dos nossos servi\u00e7os. (\u201cDados pessoais\u201d s\u00e3o dados que por eles s\u00f3s ou em conex\u00e3o com outros dados podem ser usados para identificar uma pessoa).<\/li>\n<li>Respeitamos o seu direito \u00e0 privacidade e unicamente processamos os dados pessoais em conformidade com a legisla\u00e7\u00e3o aplicada na UE e outros pa\u00edses onde oferecemos os nossos servi\u00e7os.<\/li>\n<\/ul>\n<p>&nbsp;<\/p>\n<p>&nbsp;<\/p>\n<ol start=\"3\">\n<li><strong>Informa\u00e7\u00f5es e dados recolhidos<\/strong><\/li>\n<\/ol>\n<p><strong>\u00a0<\/strong><\/p>\n<p>Quando utiliza qualquer um dos nossos servi\u00e7os podemos recolher os seguintes dados, se relevante (e como descrito neste documento):<\/p>\n<ul>\n<li>Nome e apelido;<\/li>\n<li>Endere\u00e7o de e-mail;<\/li>\n<li>Endere\u00e7o de IP;<\/li>\n<li>Detalhes t\u00e9cnicos sobre o dispositivo usado para aceder ao site, incluindo: Provedor de Internet e\/ou conex\u00e3o de rede, informa\u00e7\u00f5es sobre o browser utilizado para aceder ao site. (Esta informa\u00e7\u00e3o n\u00e3o pode ser usada para identificar uma pessoa, sendo dados n\u00e3o pessoais);<\/li>\n<li>Informa\u00e7\u00f5es sobre o uso dos nosso servi\u00e7os, incluindo, mas n\u00e3o exclusivamente: Dados de m\u00e9tricas de como s\u00e3o utilizados os nosso servi\u00e7os; P\u00e1ginas visitadas; Localiza\u00e7\u00e3o geogr\u00e1fica;<\/li>\n<li>Se voc\u00ea mandar um e-mail pelo formul\u00e1rio, poderemos processar outros dados necess\u00e1rios a ajuda-lo, como as informa\u00e7\u00f5es do seu projeto ou outros detalhes t\u00e9cnicos necess\u00e1rios para o efeito.<strong>\u00a0<\/strong><\/li>\n<\/ul>\n<ul>\n<li>O nosso site poder\u00e1 usar <em>Cookies<\/em>.<\/li>\n<\/ul>\n<p>&nbsp;<\/p>\n<ol start=\"4\">\n<li><strong>Como s\u00e3o recolhidos os dados<\/strong><\/li>\n<\/ol>\n<p><strong>\u00a0<\/strong><\/p>\n<p>Os dados poder\u00e3o ser recolhidos das seguintes formas:<\/p>\n<ul>\n<li>Dados fornecidos no momento em que entra em contacto connosco, por exemplo: o formul\u00e1rio de contacto do site.<\/li>\n<li>Dados de atividade do site \u2013 recolhidos automaticamente no uso do site (pode incluir o seu IP e pa\u00eds de origem);<\/li>\n<li>Poder\u00e3o ser recolhidos dados n\u00e3o pessoais atrav\u00e9s do uso de <em>Cookies<\/em>.<\/li>\n<\/ul>\n<p>&nbsp;<\/p>\n<ol start=\"5\">\n<li><strong>Por que raz\u00e3o recolhemos os dados<\/strong><\/li>\n<\/ol>\n<p>&nbsp;<\/p>\n<p>Os seus dados poder\u00e3o ser usados para os seguintes prop\u00f3sitos:<\/p>\n<ul>\n<li>Para ajudar-nos a cumprir as nossas obriga\u00e7\u00f5es que precedam qualquer acordo entre n\u00f3s;<\/li>\n<li>Para comunicar com os nossos clientes;<\/li>\n<li>Para o notificar alguma altera\u00e7\u00e3o da Pol\u00edtica de privacidade;<\/li>\n<li>Para ajudar a melhorar os nossos servi\u00e7os (por exemplo: dar prioridade ao melhoramento de p\u00e1ginas numa l\u00edngua especifica dependendo do n\u00famero de utilizadores dessa lingua que a visitam);<\/li>\n<li>Para calcular o desempenho do site;<\/li>\n<li>Para fins de responsabiliza\u00e7\u00e3o, em conformidade com a legisla\u00e7\u00e3o em vigor da UE (GDPR);<\/li>\n<li>Melhorar as nossas comunica\u00e7\u00f5es de marketing, dos nosso servi\u00e7os, diretamente ou com ajuda de terceiros, com base nos dados coletados.<\/li>\n<\/ul>\n<p>&nbsp;<\/p>\n<ol start=\"6\">\n<li><strong>Armazenamento dos dados<\/strong><\/li>\n<\/ol>\n<p>&nbsp;<\/p>\n<ul>\n<li>Os dados recolhidos ser\u00e3o armazenados em territ\u00f3rio europeu. Estando em pr\u00e1tica as medidas necess\u00e1ria para proteger os teus dados de qualquer utiliza\u00e7\u00e3o que v\u00e1 conta a lei de prote\u00e7\u00e3o de dados (RGPD), dano ou perda acidental. Tomaremos as medidas necess\u00e1rias para assegurar que os teus dados sejam tratados de maneira segura e em conformidade com a pol\u00edtica de privacidade.<\/li>\n<li>Os seus dados ser\u00e3o armazenados durante o tempo necess\u00e1rio para completar o seu objetivo, como descrito na pol\u00edtica de privacidade. Em casos especiais os dados poder\u00e3o ser retidos por um per\u00edodo superior se estipulado por lei. Quando os dados fornecidos deixarem de ser relevantes para a presta\u00e7\u00e3o de servi\u00e7o, ser\u00e3o eliminados ou anonimizados.<\/li>\n<\/ul>\n<p>&nbsp;<\/p>\n<ol start=\"7\">\n<li><strong>Servi\u00e7os de terceiros<\/strong><\/li>\n<\/ol>\n<p><strong>\u00a0<\/strong><\/p>\n<ul>\n<li>Utilizamos Google Analytics, um servi\u00e7o de an\u00e1lise fornecido por Google Inc. Que instala um cookie que analisa o uso do site, para motivos de an\u00e1lise estat\u00edstica.\u00a0 Poder\u00e1 optar por n\u00e3o ter esses dados recolhidos utilizando a ferramenta fornecida pelo Google em: <a href=\"https:\/\/tools.google.com\/dlpage\/gaoptout?hl=en\">https:\/\/tools.google.com\/dlpage\/gaoptout?hl=en<\/a><\/li>\n<li>Utilizamos tamb\u00e9m o Google Map widget, propriedade de Google Inc. para lhe fornecer a possibilidade de ver onde no econtramos no mapa, este servi\u00e7o poder\u00e1 utilizar um cookie para o efeito.<\/li>\n<\/ul>\n<p>&nbsp;<\/p>\n<ol start=\"8\">\n<li><strong>Os teus direitos<\/strong><\/li>\n<\/ol>\n<p><strong>\u00a0<\/strong><\/p>\n<p>Tens o direito de recusar que os teus dados pessoais sejam processados em certas situa\u00e7\u00f5es e sempre no caso de uso para marketing. Pode faz\u00ea-lo contactando: <a href=\"mailto:pcaroco@gmail.com\">pcaroco@gmail.com<\/a><\/p>\n<p style=\"text-align: left;\"><strong>\u00a0<\/strong>Tamb\u00e9m tens os seguintes direitos:<\/p>\n<ul>\n<li>Aceder \u00e0 informa\u00e7\u00e3o que temos de ti;<\/li>\n<li>Contactar-nos para eliminar qualquer informa\u00e7\u00e3o tua que tenhamos guardada;<\/li>\n<li>Direito de pedir a ratifica\u00e7\u00e3o de qualquer informa\u00e7\u00e3o tua;<\/li>\n<li>Pedir que n\u00e3o processemos a tua informa\u00e7\u00e3o;<\/li>\n<li>Direito de transferir a tua informa\u00e7\u00e3o a outra entidade;<\/li>\n<li>Direito de fazer queixa \u00e0 autoridade vigente para a prote\u00e7\u00e3o de dados, no caso de sentir que qualquer um dos direitos acima descritos tenha sido violado;<\/li>\n<li>Podes exercer estes direitos contactando-nos diretamente por e-mail a: <a href=\"mailto:pcaroco@gmail.com\">pcaroco@gmail.com<\/a> ou por correio a: Rua Odette de Saint-Maurice n\u00b0 380, Lote 3C, loja 4 1700-921 Lisboa<\/li>\n<\/ul>\n<p>&nbsp;<\/p>\n<ol start=\"9\">\n<li><strong>Modifica\u00e7\u00f5es \u00e0 politica de privacidade<\/strong><\/li>\n<\/ol>\n<p>&nbsp;<\/p>\n<p>Poderemos modificar esta pol\u00edtica de privacidade sempre que necess\u00e1rio, seja por motivos de altera\u00e7\u00e3o de leis ou dos nossos servi\u00e7os; Depois de modifica\u00e7\u00f5es \u00e0 politica de privacidade poder\u00e1 contactar-nos em: <a href=\"mailto:pcaroco@gmail.com\">pcaroco@gmail.com<\/a> se tiver alguma d\u00favida ou quest\u00e3o relacionada \u00e0s modifica\u00e7\u00f5es.<\/p>\n","protected":false},"excerpt":{"rendered":"<p>Sum\u00e1rio \u00a0 Este documento t\u00eam como objectivo explicar que informa\u00e7\u00e3o \u00e9 recolhida por Pedro Miguel Caro\u00e7o, Lda. quando usa o site. Explica tamb\u00e9m o porque s\u00e3o recolhidas essas informa\u00e7\u00f5es, onde s\u00e3o guardadas e como as protegemos; Assim como os seus direitos em rela\u00e7\u00e3o aos seus dados. \u00a0 \u00a0 Quem somos Pedro Miguel Caro\u00e7o, Lda., uma [&hellip;]<\/p>\n","protected":false},"author":1,"featured_media":0,"parent":0,"menu_order":0,"comment_status":"closed","ping_status":"open","template":"","meta":{"footnotes":""},"class_list":["post-3","page","type-page","status-publish","hentry"],"yoast_head":"<!-- This site is optimized with the Yoast SEO plugin v26.4 - https:\/\/yoast.com\/wordpress\/plugins\/seo\/ -->\n<title>Pol\u00edtica de privacidade - Cowork Lisboa<\/title>\n<meta name=\"robots\" content=\"index, follow, max-snippet:-1, max-image-preview:large, max-video-preview:-1\" \/>\n<link rel=\"canonical\" href=\"https:\/\/www.workat380.pt\/workat380\/politica-privacidade\/\" \/>\n<meta property=\"og:locale\" content=\"pt_PT\" \/>\n<meta property=\"og:type\" content=\"article\" \/>\n<meta property=\"og:title\" content=\"Pol\u00edtica de privacidade - Cowork Lisboa\" \/>\n<meta property=\"og:description\" content=\"Sum\u00e1rio \u00a0 Este documento t\u00eam como objectivo explicar que informa\u00e7\u00e3o \u00e9 recolhida por Pedro Miguel Caro\u00e7o, Lda. quando usa o site. Explica tamb\u00e9m o porque s\u00e3o recolhidas essas informa\u00e7\u00f5es, onde s\u00e3o guardadas e como as protegemos; Assim como os seus direitos em rela\u00e7\u00e3o aos seus dados. \u00a0 \u00a0 Quem somos Pedro Miguel Caro\u00e7o, Lda., uma [&hellip;]\" \/>\n<meta property=\"og:url\" content=\"https:\/\/www.workat380.pt\/workat380\/politica-privacidade\/\" \/>\n<meta property=\"og:site_name\" content=\"- Cowork Lisboa\" \/>\n<meta property=\"article:modified_time\" content=\"2018-09-22T09:21:56+00:00\" \/>\n<meta name=\"twitter:card\" content=\"summary_large_image\" \/>\n<meta name=\"twitter:label1\" content=\"Tempo estimado de leitura\" \/>\n\t<meta name=\"twitter:data1\" content=\"5 minutos\" \/>\n<script type=\"application\/ld+json\" class=\"yoast-schema-graph\">{\"@context\":\"https:\/\/schema.org\",\"@graph\":[{\"@type\":\"WebPage\",\"@id\":\"https:\/\/www.workat380.pt\/workat380\/politica-privacidade\/\",\"url\":\"https:\/\/www.workat380.pt\/workat380\/politica-privacidade\/\",\"name\":\"Pol\u00edtica de privacidade - Cowork Lisboa\",\"isPartOf\":{\"@id\":\"https:\/\/www.workat380.pt\/workat380\/#website\"},\"datePublished\":\"2018-09-15T14:06:37+00:00\",\"dateModified\":\"2018-09-22T09:21:56+00:00\",\"breadcrumb\":{\"@id\":\"https:\/\/www.workat380.pt\/workat380\/politica-privacidade\/#breadcrumb\"},\"inLanguage\":\"pt-PT\",\"potentialAction\":[{\"@type\":\"ReadAction\",\"target\":[\"https:\/\/www.workat380.pt\/workat380\/politica-privacidade\/\"]}]},{\"@type\":\"BreadcrumbList\",\"@id\":\"https:\/\/www.workat380.pt\/workat380\/politica-privacidade\/#breadcrumb\",\"itemListElement\":[{\"@type\":\"ListItem\",\"position\":1,\"name\":\"In\u00edcio\",\"item\":\"https:\/\/www.workat380.pt\/workat380\/\"},{\"@type\":\"ListItem\",\"position\":2,\"name\":\"Pol\u00edtica de privacidade\"}]},{\"@type\":\"WebSite\",\"@id\":\"https:\/\/www.workat380.pt\/workat380\/#website\",\"url\":\"https:\/\/www.workat380.pt\/workat380\/\",\"name\":\"Work@380 - Cowork Lisboa\",\"description\":\"Espa\u00e7o coworking no campo grande\",\"publisher\":{\"@id\":\"https:\/\/www.workat380.pt\/workat380\/#organization\"},\"potentialAction\":[{\"@type\":\"SearchAction\",\"target\":{\"@type\":\"EntryPoint\",\"urlTemplate\":\"https:\/\/www.workat380.pt\/workat380\/?s={search_term_string}\"},\"query-input\":{\"@type\":\"PropertyValueSpecification\",\"valueRequired\":true,\"valueName\":\"search_term_string\"}}],\"inLanguage\":\"pt-PT\"},{\"@type\":\"Organization\",\"@id\":\"https:\/\/www.workat380.pt\/workat380\/#organization\",\"name\":\"Work@380 - Cowork Lisboa\",\"url\":\"https:\/\/www.workat380.pt\/workat380\/\",\"logo\":{\"@type\":\"ImageObject\",\"inLanguage\":\"pt-PT\",\"@id\":\"https:\/\/www.workat380.pt\/workat380\/#\/schema\/logo\/image\/\",\"url\":\"http:\/\/www.workat380.pt\/workat380\/wp-content\/uploads\/2018\/09\/FAVICO.png\",\"contentUrl\":\"http:\/\/www.workat380.pt\/workat380\/wp-content\/uploads\/2018\/09\/FAVICO.png\",\"width\":128,\"height\":128,\"caption\":\"Work@380 - Cowork Lisboa\"},\"image\":{\"@id\":\"https:\/\/www.workat380.pt\/workat380\/#\/schema\/logo\/image\/\"}}]}<\/script>\n<!-- \/ Yoast SEO plugin. -->","yoast_head_json":{"title":"Pol\u00edtica de privacidade - Cowork Lisboa","robots":{"index":"index","follow":"follow","max-snippet":"max-snippet:-1","max-image-preview":"max-image-preview:large","max-video-preview":"max-video-preview:-1"},"canonical":"https:\/\/www.workat380.pt\/workat380\/politica-privacidade\/","og_locale":"pt_PT","og_type":"article","og_title":"Pol\u00edtica de privacidade - Cowork Lisboa","og_description":"Sum\u00e1rio \u00a0 Este documento t\u00eam como objectivo explicar que informa\u00e7\u00e3o \u00e9 recolhida por Pedro Miguel Caro\u00e7o, Lda. quando usa o site. Explica tamb\u00e9m o porque s\u00e3o recolhidas essas informa\u00e7\u00f5es, onde s\u00e3o guardadas e como as protegemos; Assim como os seus direitos em rela\u00e7\u00e3o aos seus dados. \u00a0 \u00a0 Quem somos Pedro Miguel Caro\u00e7o, Lda., uma [&hellip;]","og_url":"https:\/\/www.workat380.pt\/workat380\/politica-privacidade\/","og_site_name":"- Cowork Lisboa","article_modified_time":"2018-09-22T09:21:56+00:00","twitter_card":"summary_large_image","twitter_misc":{"Tempo estimado de leitura":"5 minutos"},"schema":{"@context":"https:\/\/schema.org","@graph":[{"@type":"WebPage","@id":"https:\/\/www.workat380.pt\/workat380\/politica-privacidade\/","url":"https:\/\/www.workat380.pt\/workat380\/politica-privacidade\/","name":"Pol\u00edtica de privacidade - Cowork Lisboa","isPartOf":{"@id":"https:\/\/www.workat380.pt\/workat380\/#website"},"datePublished":"2018-09-15T14:06:37+00:00","dateModified":"2018-09-22T09:21:56+00:00","breadcrumb":{"@id":"https:\/\/www.workat380.pt\/workat380\/politica-privacidade\/#breadcrumb"},"inLanguage":"pt-PT","potentialAction":[{"@type":"ReadAction","target":["https:\/\/www.workat380.pt\/workat380\/politica-privacidade\/"]}]},{"@type":"BreadcrumbList","@id":"https:\/\/www.workat380.pt\/workat380\/politica-privacidade\/#breadcrumb","itemListElement":[{"@type":"ListItem","position":1,"name":"In\u00edcio","item":"https:\/\/www.workat380.pt\/workat380\/"},{"@type":"ListItem","position":2,"name":"Pol\u00edtica de privacidade"}]},{"@type":"WebSite","@id":"https:\/\/www.workat380.pt\/workat380\/#website","url":"https:\/\/www.workat380.pt\/workat380\/","name":"Work@380 - Cowork Lisboa","description":"Espa\u00e7o coworking no campo grande","publisher":{"@id":"https:\/\/www.workat380.pt\/workat380\/#organization"},"potentialAction":[{"@type":"SearchAction","target":{"@type":"EntryPoint","urlTemplate":"https:\/\/www.workat380.pt\/workat380\/?s={search_term_string}"},"query-input":{"@type":"PropertyValueSpecification","valueRequired":true,"valueName":"search_term_string"}}],"inLanguage":"pt-PT"},{"@type":"Organization","@id":"https:\/\/www.workat380.pt\/workat380\/#organization","name":"Work@380 - Cowork Lisboa","url":"https:\/\/www.workat380.pt\/workat380\/","logo":{"@type":"ImageObject","inLanguage":"pt-PT","@id":"https:\/\/www.workat380.pt\/workat380\/#\/schema\/logo\/image\/","url":"http:\/\/www.workat380.pt\/workat380\/wp-content\/uploads\/2018\/09\/FAVICO.png","contentUrl":"http:\/\/www.workat380.pt\/workat380\/wp-content\/uploads\/2018\/09\/FAVICO.png","width":128,"height":128,"caption":"Work@380 - Cowork Lisboa"},"image":{"@id":"https:\/\/www.workat380.pt\/workat380\/#\/schema\/logo\/image\/"}}]}},"_links":{"self":[{"href":"https:\/\/www.workat380.pt\/workat380\/wp-json\/wp\/v2\/pages\/3","targetHints":{"allow":["GET"]}}],"collection":[{"href":"https:\/\/www.workat380.pt\/workat380\/wp-json\/wp\/v2\/pages"}],"about":[{"href":"https:\/\/www.workat380.pt\/workat380\/wp-json\/wp\/v2\/types\/page"}],"author":[{"embeddable":true,"href":"https:\/\/www.workat380.pt\/workat380\/wp-json\/wp\/v2\/users\/1"}],"replies":[{"embeddable":true,"href":"https:\/\/www.workat380.pt\/workat380\/wp-json\/wp\/v2\/comments?post=3"}],"version-history":[{"count":3,"href":"https:\/\/www.workat380.pt\/workat380\/wp-json\/wp\/v2\/pages\/3\/revisions"}],"predecessor-version":[{"id":632,"href":"https:\/\/www.workat380.pt\/workat380\/wp-json\/wp\/v2\/pages\/3\/revisions\/632"}],"wp:attachment":[{"href":"https:\/\/www.workat380.pt\/workat380\/wp-json\/wp\/v2\/media?parent=3"}],"curies":[{"name":"wp","href":"https:\/\/api.w.org\/{rel}","templated":true}]}}